{"id":35,"date":"2020-07-01T17:01:51","date_gmt":"2020-07-01T17:01:51","guid":{"rendered":"https:\/\/demeas.rs\/straumann\/?page_id=35"},"modified":"2020-08-12T12:30:54","modified_gmt":"2020-08-12T12:30:54","slug":"mini-implant","status":"publish","type":"page","link":"https:\/\/demeas.rs\/straumann\/mini-implant\/","title":{"rendered":"Straumann\u00ae Mini Implant Linija"},"content":{"rendered":"<div class=\"wpb-content-wrapper\"><p>[vc_row row_type=&#8221;parallax&#8221; parallax_content_width=&#8221;full_width&#8221; text_align=&#8221;center&#8221; full_screen_section_height=&#8221;no&#8221; background_image=&#8221;178&#8243; css=&#8221;.vc_custom_1594995241337{padding-top: 200px !important;padding-bottom: 200px !important;}&#8221;][vc_column][vc_empty_space height=&#8221;12px&#8221; css=&#8221;.vc_custom_1594140581359{background-color: #262626 !important;}&#8221;][vc_row_inner row_type=&#8221;row&#8221; type=&#8221;grid&#8221; text_align=&#8221;left&#8221; css_animation=&#8221;&#8221; background_color=&#8221;#ffffff&#8221;][vc_column_inner width=&#8221;2\/3&#8243;][vc_empty_space][vc_empty_space][vc_column_text]<\/p>\n<h2>Roxolid\u00ae \u2013 Dokazan kvalitet<\/h2>\n<p><strong>\u00a0<\/strong><\/p>\n<ul>\n<li>Mini implantati koji vam pru\u017eaju sigurnost<\/li>\n<li>Ve\u0107a mehani\u010dka snaga u pore\u0111enju sa titanijumskim implantatima<\/li>\n<li>Uspe\u0161nost Roxolid\u00ae materijala dokumentovana je brojnim klini\u010dkim ispitivanjima pra\u0107enim u periodu od 5 godina.<\/li>\n<\/ul>\n<p>[\/vc_column_text][vc_empty_space][vc_column_text]<\/p>\n<h2>SLA\u00ae \u2013 Kvalitet nau\u010dno dokazan na du\u017ee staze<\/h2>\n<p><strong>\u00a0<\/strong><\/p>\n<ul>\n<li>Predvidivost kod oseointegracije<\/li>\n<li>Nau\u010dni dokazi<\/li>\n<li>Niska rasprostranjenost periimplantitisa<\/li>\n<li>O\u010duvanje ko\u0161tanog tkiva<\/li>\n<\/ul>\n<p><strong>\u00a0<\/strong>[\/vc_column_text][vc_empty_space][vc_column_text]<\/p>\n<h2>Optiloc\u00ae \u2013 Izdr\u017eljivost i efikasnost<\/h2>\n<p><strong>\u00a0<\/strong><\/p>\n<ul>\n<li>Manje prostora je potrebno<\/li>\n<\/ul>\n<p>U kombinaciji sa materijalima PEEK (Poly Ether Ether Ketone) i ADLC (Amorphous diamond-like carbon) doprinosi:<\/p>\n<ul>\n<li>Odli\u010dnoj otpornosti na habanje<\/li>\n<li>Izuzetnim dugoro\u010dnim rezultatima<\/li>\n<li>Minimalno zahtevnom odr\u017eavanju<\/li>\n<li>Manjem trenju izme\u0111u abatmenta i matrice<\/li>\n<\/ul>\n<p><strong>\u00a0<\/strong>[\/vc_column_text][vc_empty_space][\/vc_column_inner][vc_column_inner width=&#8221;1\/3&#8243;][vc_empty_space height=&#8221;64px&#8221;][vc_single_image image=&#8221;175&#8243; img_size=&#8221;full&#8221; onclick=&#8221;link_image&#8221; qode_css_animation=&#8221;&#8221;][vc_empty_space height=&#8221;64px&#8221;][vc_empty_space][vc_single_image image=&#8221;176&#8243; img_size=&#8221;full&#8221; onclick=&#8221;link_image&#8221; qode_css_animation=&#8221;&#8221;][vc_empty_space][\/vc_column_inner][\/vc_row_inner][vc_empty_space height=&#8221;300px&#8221;][\/vc_column][\/vc_row][vc_row css_animation=&#8221;&#8221; row_type=&#8221;row&#8221; use_row_as_full_screen_section=&#8221;no&#8221; type=&#8221;grid&#8221; angled_section=&#8221;no&#8221; text_align=&#8221;left&#8221; background_image_as_pattern=&#8221;without_pattern&#8221; z_index=&#8221;&#8221;][vc_column width=&#8221;2\/3&#8243;][vc_empty_space][vc_column_text]<\/p>\n<h2>Kako funkcioni\u0161e?<\/h2>\n<p><strong>Straumann\u00ae Mini Implantati<\/strong> se nakon ugradnje odmah optere\u0107uju mobilnom protezom. Postupak je minimalno invazivan, \u0161to ujedno smanjuje postoperativnu nelagodnost kod pacijenta i skra\u0107uje vreme zarastanja.[\/vc_column_text][vc_empty_space][vc_column_text]<\/p>\n<h2>Karkteristike Mini implantata:<\/h2>\n<p>Kako samo ime ka\u017ee glavna prednost mini implantata je mali dijametar od 2.4 mm. Proizvodi se u du\u017einama od 10,12 i 14 mm. Gumice kod matrica postoje u \u010dak 6 ja\u010dina od \u201cextra light\u201d do \u201cultra strong\u201d ja\u010dine.[\/vc_column_text][\/vc_column][vc_column width=&#8221;1\/3&#8243;][vc_empty_space][vc_single_image image=&#8221;82&#8243; img_size=&#8221;full&#8221; alignment=&#8221;center&#8221; qode_css_animation=&#8221;&#8221;][vc_empty_space][\/vc_column][\/vc_row][vc_row row_type=&#8221;parallax&#8221; parallax_content_width=&#8221;in_grid&#8221; text_align=&#8221;left&#8221; full_screen_section_height=&#8221;no&#8221; background_image=&#8221;187&#8243; section_height=&#8221;350&#8243;][vc_column][\/vc_column][\/vc_row][vc_row css_animation=&#8221;&#8221; row_type=&#8221;row&#8221; use_row_as_full_screen_section=&#8221;no&#8221; type=&#8221;grid&#8221; angled_section=&#8221;no&#8221; text_align=&#8221;left&#8221; background_image_as_pattern=&#8221;without_pattern&#8221; z_index=&#8221;&#8221;][vc_column width=&#8221;1\/3&#8243;][vc_empty_space height=&#8221;64px&#8221;][vc_empty_space height=&#8221;64px&#8221;][vc_single_image image=&#8221;243&#8243; img_size=&#8221;medium&#8221; alignment=&#8221;center&#8221; qode_css_animation=&#8221;&#8221;][vc_empty_space][\/vc_column][vc_column css_animation=&#8221;none&#8221; width=&#8221;2\/3&#8243;][vc_empty_space][vc_empty_space]<div class='q_icon_with_title medium custom_icon_image '><div class=\"icon_holder \" style=\" \"><img decoding=\"async\" src=\"https:\/\/demeas.rs\/straumann\/wp-content\/uploads\/sites\/2\/2020\/07\/CB_Icon_Built-trust-Limegreen.png\" alt=\"\"><\/div><div class=\"icon_text_holder\" style=\"\"><div class=\"icon_text_inner\" style=\"\"><h4 class=\"icon_title\" style=\"\"><\/h4><p style=''>Pove\u0107ajte svest svojih pacijenata o ugradnji implantata i olak\u0161ajte im odluku tako \u0161to \u0107ete izostaviti augmentaciju kosti u slu\u010daju nedovoljnog volumena.<\/p><\/div><\/div><\/div>[vc_empty_space height=&#8221;52px&#8221;]<div class='q_icon_with_title medium custom_icon_image '><div class=\"icon_holder \" style=\" \"><img decoding=\"async\" src=\"https:\/\/demeas.rs\/straumann\/wp-content\/uploads\/sites\/2\/2020\/07\/CB_Icon_Engage-Limegreen.png\" alt=\"\"><\/div><div class=\"icon_text_holder\" style=\"\"><div class=\"icon_text_inner\" style=\"\"><h4 class=\"icon_title\" style=\"\"><\/h4><p style=''>Ponudite bolji kvalitet \u017eivota ve\u0107em broju bezubih pacijenata tako \u0161to \u0107ete im ponuditi re\u0161enje sa sigurnijim prijanjanjem kod mobilnih radova.<\/p><\/div><\/div><\/div>[vc_empty_space height=&#8221;52px&#8221;]<div class='q_icon_with_title medium custom_icon_image '><div class=\"icon_holder \" style=\" \"><img decoding=\"async\" src=\"https:\/\/demeas.rs\/straumann\/wp-content\/uploads\/sites\/2\/2020\/07\/Chart-Limegreen.png\" alt=\"\"><\/div><div class=\"icon_text_holder\" style=\"\"><div class=\"icon_text_inner\" style=\"\"><h4 class=\"icon_title\" style=\"\"><\/h4><p style=''>Izdvojte svoju stomatolo\u0161ku praksu od ostalih zahvaljuju\u0107i novom Roxolid\u00ae materijalu zlatnog standarda, i posmtrajte kako vam se istovremeno i prihodi uve\u0107avaju.<\/p><\/div><\/div><\/div>[vc_empty_space height=&#8221;52px&#8221;]<div class='q_icon_with_title medium custom_icon_image '><div class=\"icon_holder \" style=\" \"><img decoding=\"async\" src=\"https:\/\/demeas.rs\/straumann\/wp-content\/uploads\/sites\/2\/2020\/07\/Guarantee-Limegreen.png\" alt=\"\"><\/div><div class=\"icon_text_holder\" style=\"\"><div class=\"icon_text_inner\" style=\"\"><h4 class=\"icon_title\" style=\"\"><\/h4><p style=''>Verujte Mini implantatima: Straumann\u00ae vam daje do\u017eivotnu garanciju.<\/p><\/div><\/div><\/div>[vc_empty_space][vc_empty_space][\/vc_column][\/vc_row][vc_row css_animation=&#8221;&#8221; row_type=&#8221;row&#8221; use_row_as_full_screen_section=&#8221;no&#8221; type=&#8221;full_width&#8221; angled_section=&#8221;no&#8221; text_align=&#8221;left&#8221; background_image_as_pattern=&#8221;without_pattern&#8221; z_index=&#8221;&#8221; background_color=&#8221;#7aad36&#8243; padding_top=&#8221;30px&#8221; padding_bottom=&#8221;30px&#8221;][vc_column][vc_row_inner row_type=&#8221;row&#8221; type=&#8221;grid&#8221; text_align=&#8221;left&#8221; css_animation=&#8221;&#8221;][vc_column_inner width=&#8221;1\/2&#8243;][vc_empty_space height=&#8221;72px&#8221;][vc_column_text]<\/p>\n<h2><span style=\"color: #ffffff\">Minimalan implantat.<br \/>\nMaksimalno poverenje.<\/span><\/h2>\n<p>&nbsp;<\/p>\n<h4><span style=\"color: #ffffff\">Ne\u0161to \u0161to svakako uti\u010de na kvalitet \u017eivota i bitna je stvar u \u017eivotnoj svakodnevici jeste mogu\u0107nost da se smejete sa samopouzdanjem i jedete bezbri\u017eno, a to najbolje znaju va\u0161i bezubi pacijenti. Sad pacijentima koji imaju problem nedostatka volumena kostiju mo\u017eete ponuditi novo, manje invazivno, imedijatno re\u0161enje. Zajedno se mo\u017eete osloniti na pouzdan brend, premijum kvalitet i dugoro\u010dne nau\u010dne dokaze. Manje invazivni tretmani, br\u017ei tok zarastanja i umanjenje postoperativne nelagodnosti mogu vam pomo\u0107i da prevzi\u0111ete mnoge sumnje va\u0161ih pacijenata<\/span><\/h4>\n<p>[\/vc_column_text][vc_empty_space height=&#8221;72px&#8221;]<a  itemprop=\"url\" href=\"https:\/\/demeas.rs\/contact-us\/\" target=\"_self\" data-hover-background-color=\"#ffffff\" data-hover-color=\"#262626\" class=\"qbutton  big_large center default\" style=\"color: #ffffff; background-color:#262626;\">Kontaktirajte nas<i class=\"qode_icon_font_awesome fa fa-envelope qode_button_icon_element\" style=\"color: #ffffff\"><\/i><\/a>[\/vc_column_inner][vc_column_inner width=&#8221;1\/2&#8243;][vc_empty_space][vc_single_image image=&#8221;186&#8243; img_size=&#8221;large&#8221; alignment=&#8221;center&#8221; qode_css_animation=&#8221;&#8221;][vc_empty_space][\/vc_column_inner][\/vc_row_inner][\/vc_column][\/vc_row]<\/p>\n<\/div>","protected":false},"excerpt":{"rendered":"<p>[vc_row row_type=&#8221;parallax&#8221; parallax_content_width=&#8221;full_width&#8221; text_align=&#8221;center&#8221; full_screen_section_height=&#8221;no&#8221; background_image=&#8221;178&#8243; css=&#8221;.vc_custom_1594995241337{padding-top: 200px !important;padding-bottom: 200px !important;}&#8221;][vc_column][vc_empty_space height=&#8221;12px&#8221; css=&#8221;.vc_custom_1594140581359{background-color: #262626 !important;}&#8221;][vc_row_inner row_type=&#8221;row&#8221; type=&#8221;grid&#8221; text_align=&#8221;left&#8221; css_animation=&#8221;&#8221; background_color=&#8221;#ffffff&#8221;][vc_column_inner width=&#8221;2\/3&#8243;][vc_empty_space][vc_empty_space][vc_column_text] Roxolid\u00ae \u2013 Dokazan kvalitet \u00a0 Mini implantati koji vam pru\u017eaju sigurnost Ve\u0107a mehani\u010dka snaga u pore\u0111enju sa titanijumskim implantatima Uspe\u0161nost Roxolid\u00ae materijala dokumentovana je&#8230;<\/p>\n","protected":false},"author":1,"featured_media":0,"parent":0,"menu_order":0,"comment_status":"closed","ping_status":"closed","template":"full_width.php","meta":{"footnotes":""},"class_list":["post-35","page","type-page","status-publish","hentry"],"yoast_head":"<!-- This site is optimized with the Yoast SEO plugin v27.2 - https:\/\/yoast.com\/product\/yoast-seo-wordpress\/ -->\n<title>Straumann\u00ae Mini Implant Linija - Straumann<\/title>\n<meta name=\"robots\" content=\"index, follow, max-snippet:-1, max-image-preview:large, max-video-preview:-1\" \/>\n<link rel=\"canonical\" href=\"https:\/\/demeas.rs\/straumann\/mini-implant\/\" \/>\n<meta property=\"og:locale\" content=\"en_US\" \/>\n<meta property=\"og:type\" content=\"article\" \/>\n<meta property=\"og:title\" content=\"Straumann\u00ae Mini Implant Linija - Straumann\" \/>\n<meta property=\"og:description\" content=\"[vc_row row_type=&#8221;parallax&#8221; parallax_content_width=&#8221;full_width&#8221; text_align=&#8221;center&#8221; full_screen_section_height=&#8221;no&#8221; background_image=&#8221;178&#8243; css=&#8221;.vc_custom_1594995241337{padding-top: 200px !important;padding-bottom: 200px !important;}&#8221;][vc_column][vc_empty_space height=&#8221;12px&#8221; css=&#8221;.vc_custom_1594140581359{background-color: #262626 !important;}&#8221;][vc_row_inner row_type=&#8221;row&#8221; type=&#8221;grid&#8221; text_align=&#8221;left&#8221; css_animation=&#8221;&#8221; background_color=&#8221;#ffffff&#8221;][vc_column_inner width=&#8221;2\/3&#8243;][vc_empty_space][vc_empty_space][vc_column_text] Roxolid\u00ae \u2013 Dokazan kvalitet \u00a0 Mini implantati koji vam pru\u017eaju sigurnost Ve\u0107a mehani\u010dka snaga u pore\u0111enju sa titanijumskim implantatima Uspe\u0161nost Roxolid\u00ae materijala dokumentovana je...\" \/>\n<meta property=\"og:url\" content=\"https:\/\/demeas.rs\/straumann\/mini-implant\/\" \/>\n<meta property=\"og:site_name\" content=\"Straumann\" \/>\n<meta property=\"article:modified_time\" content=\"2020-08-12T12:30:54+00:00\" \/>\n<meta name=\"twitter:card\" content=\"summary_large_image\" \/>\n<meta name=\"twitter:label1\" content=\"Est. reading time\" \/>\n\t<meta name=\"twitter:data1\" content=\"5 minutes\" \/>\n<script type=\"application\/ld+json\" class=\"yoast-schema-graph\">{\"@context\":\"https:\/\/schema.org\",\"@graph\":[{\"@type\":\"WebPage\",\"@id\":\"https:\/\/demeas.rs\/straumann\/mini-implant\/\",\"url\":\"https:\/\/demeas.rs\/straumann\/mini-implant\/\",\"name\":\"Straumann\u00ae Mini Implant Linija - Straumann\",\"isPartOf\":{\"@id\":\"https:\/\/demeas.rs\/straumann\/#website\"},\"datePublished\":\"2020-07-01T17:01:51+00:00\",\"dateModified\":\"2020-08-12T12:30:54+00:00\",\"breadcrumb\":{\"@id\":\"https:\/\/demeas.rs\/straumann\/mini-implant\/#breadcrumb\"},\"inLanguage\":\"en-US\",\"potentialAction\":[{\"@type\":\"ReadAction\",\"target\":[\"https:\/\/demeas.rs\/straumann\/mini-implant\/\"]}]},{\"@type\":\"BreadcrumbList\",\"@id\":\"https:\/\/demeas.rs\/straumann\/mini-implant\/#breadcrumb\",\"itemListElement\":[{\"@type\":\"ListItem\",\"position\":1,\"name\":\"Home\",\"item\":\"https:\/\/demeas.rs\/straumann\/\"},{\"@type\":\"ListItem\",\"position\":2,\"name\":\"Straumann\u00ae Mini Implant Linija\"}]},{\"@type\":\"WebSite\",\"@id\":\"https:\/\/demeas.rs\/straumann\/#website\",\"url\":\"https:\/\/demeas.rs\/straumann\/\",\"name\":\"Straumann\",\"description\":\"Just another Swissdent site\",\"publisher\":{\"@id\":\"https:\/\/demeas.rs\/straumann\/#organization\"},\"potentialAction\":[{\"@type\":\"SearchAction\",\"target\":{\"@type\":\"EntryPoint\",\"urlTemplate\":\"https:\/\/demeas.rs\/straumann\/?s={search_term_string}\"},\"query-input\":{\"@type\":\"PropertyValueSpecification\",\"valueRequired\":true,\"valueName\":\"search_term_string\"}}],\"inLanguage\":\"en-US\"},{\"@type\":\"Organization\",\"@id\":\"https:\/\/demeas.rs\/straumann\/#organization\",\"name\":\"Demeas - Straumann\",\"url\":\"https:\/\/demeas.rs\/straumann\/\",\"logo\":{\"@type\":\"ImageObject\",\"inLanguage\":\"en-US\",\"@id\":\"https:\/\/demeas.rs\/straumann\/#\/schema\/logo\/image\/\",\"url\":\"https:\/\/demeas.rs\/straumann\/wp-content\/uploads\/sites\/2\/2020\/07\/str-logo.png\",\"contentUrl\":\"https:\/\/demeas.rs\/straumann\/wp-content\/uploads\/sites\/2\/2020\/07\/str-logo.png\",\"width\":227,\"height\":84,\"caption\":\"Demeas - Straumann\"},\"image\":{\"@id\":\"https:\/\/demeas.rs\/straumann\/#\/schema\/logo\/image\/\"}}]}<\/script>\n<!-- \/ Yoast SEO plugin. -->","yoast_head_json":{"title":"Straumann\u00ae Mini Implant Linija - Straumann","robots":{"index":"index","follow":"follow","max-snippet":"max-snippet:-1","max-image-preview":"max-image-preview:large","max-video-preview":"max-video-preview:-1"},"canonical":"https:\/\/demeas.rs\/straumann\/mini-implant\/","og_locale":"en_US","og_type":"article","og_title":"Straumann\u00ae Mini Implant Linija - Straumann","og_description":"[vc_row row_type=&#8221;parallax&#8221; parallax_content_width=&#8221;full_width&#8221; text_align=&#8221;center&#8221; full_screen_section_height=&#8221;no&#8221; background_image=&#8221;178&#8243; css=&#8221;.vc_custom_1594995241337{padding-top: 200px !important;padding-bottom: 200px !important;}&#8221;][vc_column][vc_empty_space height=&#8221;12px&#8221; css=&#8221;.vc_custom_1594140581359{background-color: #262626 !important;}&#8221;][vc_row_inner row_type=&#8221;row&#8221; type=&#8221;grid&#8221; text_align=&#8221;left&#8221; css_animation=&#8221;&#8221; background_color=&#8221;#ffffff&#8221;][vc_column_inner width=&#8221;2\/3&#8243;][vc_empty_space][vc_empty_space][vc_column_text] Roxolid\u00ae \u2013 Dokazan kvalitet \u00a0 Mini implantati koji vam pru\u017eaju sigurnost Ve\u0107a mehani\u010dka snaga u pore\u0111enju sa titanijumskim implantatima Uspe\u0161nost Roxolid\u00ae materijala dokumentovana je...","og_url":"https:\/\/demeas.rs\/straumann\/mini-implant\/","og_site_name":"Straumann","article_modified_time":"2020-08-12T12:30:54+00:00","twitter_card":"summary_large_image","twitter_misc":{"Est. reading time":"5 minutes"},"schema":{"@context":"https:\/\/schema.org","@graph":[{"@type":"WebPage","@id":"https:\/\/demeas.rs\/straumann\/mini-implant\/","url":"https:\/\/demeas.rs\/straumann\/mini-implant\/","name":"Straumann\u00ae Mini Implant Linija - Straumann","isPartOf":{"@id":"https:\/\/demeas.rs\/straumann\/#website"},"datePublished":"2020-07-01T17:01:51+00:00","dateModified":"2020-08-12T12:30:54+00:00","breadcrumb":{"@id":"https:\/\/demeas.rs\/straumann\/mini-implant\/#breadcrumb"},"inLanguage":"en-US","potentialAction":[{"@type":"ReadAction","target":["https:\/\/demeas.rs\/straumann\/mini-implant\/"]}]},{"@type":"BreadcrumbList","@id":"https:\/\/demeas.rs\/straumann\/mini-implant\/#breadcrumb","itemListElement":[{"@type":"ListItem","position":1,"name":"Home","item":"https:\/\/demeas.rs\/straumann\/"},{"@type":"ListItem","position":2,"name":"Straumann\u00ae Mini Implant Linija"}]},{"@type":"WebSite","@id":"https:\/\/demeas.rs\/straumann\/#website","url":"https:\/\/demeas.rs\/straumann\/","name":"Straumann","description":"Just another Swissdent site","publisher":{"@id":"https:\/\/demeas.rs\/straumann\/#organization"},"potentialAction":[{"@type":"SearchAction","target":{"@type":"EntryPoint","urlTemplate":"https:\/\/demeas.rs\/straumann\/?s={search_term_string}"},"query-input":{"@type":"PropertyValueSpecification","valueRequired":true,"valueName":"search_term_string"}}],"inLanguage":"en-US"},{"@type":"Organization","@id":"https:\/\/demeas.rs\/straumann\/#organization","name":"Demeas - Straumann","url":"https:\/\/demeas.rs\/straumann\/","logo":{"@type":"ImageObject","inLanguage":"en-US","@id":"https:\/\/demeas.rs\/straumann\/#\/schema\/logo\/image\/","url":"https:\/\/demeas.rs\/straumann\/wp-content\/uploads\/sites\/2\/2020\/07\/str-logo.png","contentUrl":"https:\/\/demeas.rs\/straumann\/wp-content\/uploads\/sites\/2\/2020\/07\/str-logo.png","width":227,"height":84,"caption":"Demeas - Straumann"},"image":{"@id":"https:\/\/demeas.rs\/straumann\/#\/schema\/logo\/image\/"}}]}},"_links":{"self":[{"href":"https:\/\/demeas.rs\/straumann\/wp-json\/wp\/v2\/pages\/35","targetHints":{"allow":["GET"]}}],"collection":[{"href":"https:\/\/demeas.rs\/straumann\/wp-json\/wp\/v2\/pages"}],"about":[{"href":"https:\/\/demeas.rs\/straumann\/wp-json\/wp\/v2\/types\/page"}],"author":[{"embeddable":true,"href":"https:\/\/demeas.rs\/straumann\/wp-json\/wp\/v2\/users\/1"}],"replies":[{"embeddable":true,"href":"https:\/\/demeas.rs\/straumann\/wp-json\/wp\/v2\/comments?post=35"}],"version-history":[{"count":13,"href":"https:\/\/demeas.rs\/straumann\/wp-json\/wp\/v2\/pages\/35\/revisions"}],"predecessor-version":[{"id":247,"href":"https:\/\/demeas.rs\/straumann\/wp-json\/wp\/v2\/pages\/35\/revisions\/247"}],"wp:attachment":[{"href":"https:\/\/demeas.rs\/straumann\/wp-json\/wp\/v2\/media?parent=35"}],"curies":[{"name":"wp","href":"https:\/\/api.w.org\/{rel}","templated":true}]}}